 (n/3)/((-4)/(-138)).
23
Let n(w) = w**3 + 5*w**2 + 2*w - 5. Let u be n(-4). Suppose 2*d - k = 36, u*d - 5*k = 50 + 18. Suppose 8 = 3*x - d. What are the prime factors of x?
2
What are the prime factors of 8/(-10)*13/((-104)/720)?
2, 3
Suppose -2*d - 31 = 229. Let x = -22 - d. What are the prime factors of x?
2, 3
Suppose 0*n + 2*n = -5*i + 9, 2*i = -4*n + 10. Let p = 4 - i. Suppose 0 = 4*x, 2*c - 5*x = p*c - 4. List the prime factors of c.
2
Let v(s) = -3*s**2 - 2*s + 4. Suppose 3*w - 18 = 6*w + 3*k, 4*w + 3 = 3*k. Let u be v(w). Let z(o) = -o**2 - 18*o - 5. List the prime factors of z(u).
2, 3
Suppose 6*f - 8*f = 0. Suppose 2*h = -3*w - f*w + 16, -5 = -h. Suppose -34 = -w*u - 5*l + 102, 5*u = -2*l + 361. What are the prime factors of u?
73
Let b(w) = w**2 - 6*w - 6. Let r be b(7). Let k be -29 - (1 + -4 + r). Let u = k + 45. What are the prime factors of u?
2, 3
What are the prime factors of -11 - (-1 + 8 + -3382)?
2, 29
Let i = -740 + 1126. What are the prime factors of i?
2, 193
Let x = 706 + -559. What are the prime factors of x?
3, 7
Let a = 16 - 22. List the prime factors of -1 - ((-92)/a)/((-8)/12).
2, 11
Let p = -7 + 10. Let t = -8 + p. List the prime factors of (24/(-5))/(1/t).
2, 3
Suppose 2*l = -4*j + 4246, 3*j - 7*j + 2*l = -4234. List the prime factors of j.
2, 5, 53
Let m be 2 + -3 - -2 - -67. Let h = m + -43. What are the prime factors of h?
5
Let p = 67 - 63. Suppose 31 = p*c - 3*f, 3*c + 10 = 5*f + 25. What are the prime factors of c?
2, 5
Suppose 3*f = 36*w - 31*w + 20, -w + 5*f = -18. Let k(p) = -4*p**2 - 7*p + 7 - p**3 - 2*p**2 - p**2. What are the prime factors of k(w)?
2, 7
Let t be (-6)/(4/(3 - 1)). Let z(b) = -b**2 - 3*b - 1. Let x be z(t). List the prime factors of x - (-3 - -4 - 28).
2, 13
What are the prime factors of (-2698)/(-8) + -1 + (-15)/(-20)?
337
Let o(b) = 3*b - b**2 + 0*b**2 - b**3 - b**3 + 3*b**3. Let h(v) = -v**3 - 7*v**2 + 6*v - 12. Let x be h(-8). List the prime factors of o(x).
2, 3, 5
Suppose 5*a - a - 8 = 0. Let p be 4/24 - (-203)/6. Suppose p = a*t - 44. List the prime factors of t.
3, 13
Let t(a) = -a**3 - 9*a**2 - 3*a + 6. What are the prime factors of t(-12)?
2, 3, 79
Suppose 5*a + 4*o - 1616 = 8*a, a + 524 = 5*o. Let j = a - -818. What are the prime factors of j?
2, 137
Suppose 353 = 5*y + k, 2*y + 4*k - 114 = 20. Suppose -2*c = -x - 21 + y, -238 = -5*x - 2*c. List the prime factors of x.
2, 3
Let i = -2149 - -3894. List the prime factors of i.
5, 349
Suppose 0*b + 5*b - 765 = 0. Suppose -2*r = r - b. What are the prime factors of r?
3, 17
Suppose -11 + 38 = 3*b. Let i be (-2)/(-4) - b/18. Suppose -3*x + 2*d = -30, -3*d + i*d = x - 21. What are the prime factors of x?
2, 3
Let d be (1 + 1)/((-6)/(-39)). Suppose 0 = d*q - 8*q - 220. Suppose x - q = -3*x. What are the prime factors of x?
11
Let c(d) = -8*d + 5. Let y(f) = -f**3 + 6*f**2 + 4. Let t be y(6). Let u(a) = -2*a + 1. Let p(n) = t*c(n) - 18*u(n). List the prime factors of p(7).
2, 3, 5
Suppose 0 = 5*k - 80 - 1110. Let t = 362 - k. What are the prime factors of t?
2, 31
Let g(b) be the second derivative of -b**5/20 + b**4/12 + 2*b**3/3 + 4*b**2 + 22*b. What are the prime factors of g(-5)?
2, 3, 23
Let i = 880 - 367. List the prime factors of i.
3, 19
Let d = 101 - -15. What are the prime factors of d?
2, 29
Suppose -19*w + 5190 = -6039. List the prime factors of w.
3, 197
Let f = -51 + 127. List the prime factors of (-8)/f - 6561/(-57).
5, 23
Suppose -5*o + 5*b + 3870 = 0, -2*b + 3296 + 574 = 5*o. List the prime factors of (o/27)/((-40)/(-18) - 2).
3, 43
Let v(x) = -356*x + 631. What are the prime factors of v(-8)?
7, 71
Let g(w) = -17 + 7 + w**3 - 10*w**2 + 13*w + 0*w**2 + w. Let y be g(11). Suppose 5*n - 5*j = y, -5*n + 0*n + 230 = 2*j. List the prime factors of n.
2, 3
Let v = -2182 - -3176. What are the prime factors of v?
2, 7, 71
Let n be (-16)/(-12)*90/8. Let z be -2 + (0 - (-20)/1). Let s = z - n. List the prime factors of s.
3
Let i(o) = 2*o**2 + 5*o + 5. Suppose 2 = -2*f - 14. What are the prime factors of i(f)?
3, 31
Let q(d) = -d - 2. Let f be q(-7). Suppose 0 = -f*o - 7 + 17. Suppose -15 = -5*g + 5*n, -9 = -g - 2*g + o*n. What are the prime factors of g?
3
Let j(n) = 3*n + 20. Let b be j(-7). List the prime factors of (2 + b)*(-2 + 67).
5, 13
Suppose 0 = -u - 0 + 3. Suppose 0 = 2*p - u*p + 148. Suppose -d - p = -5*d. What are the prime factors of d?
37
Let m = 62 + 3. Let u = -23 + m. Let a = 59 - u. List the prime factors of a.
17
Suppose -2 + 10 = n. List the prime factors of n/6*468/12.
2, 13
Suppose -3*n + 9 = 2*c - 2*n, -3*c + 4*n - 3 = 0. Let v(g) = 33*g - 3. Let m be v(c). Suppose -3*l + m = l. What are the prime factors of l?
2, 3
Let j(i) = -i**2 + 9*i - 4. Let z = -15 + 6. Let x = z + 16. What are the prime factors of j(x)?
2, 5
Let v(l) = -l**3 + 12*l**2 - 6*l + 7. Let b be v(13). List the prime factors of (b - 6)*2/(-3).
2, 41
Let v(y) = -y**2 + 87*y - 89. List the prime factors of v(56).
3, 61
Let r be ((-140)/(-15))/((-2)/6*-1). List the prime factors of 2076/42 - -2*(-6)/r.
7
Suppose 0 = -0*f - 2*f - 10. Let c = 9 + f. Suppose -3*i + 32 = -0*a + a, -c*i + 91 = 3*a. List the prime factors of a.
29
Suppose 42*r - 47*r = -10. Let u = r + 15. What are the prime factors of u?
17
Let x(u) = -22*u - 12. Let t be x(6). Let q = 119 - t. What are the prime factors of q?
263
What are the prime factors of 267192/78 + (-78)/(-169)?
2, 3, 571
Let k be (-314)/(-14)*-3 - (-2)/7. Let d = 83 - k. What are the prime factors of d?
2, 3, 5
Suppose 12*a = 18653 + 37411. List the prime factors of a.
2, 73
Suppose -2*t + o = -5*t + 9, -3*o = 0. Suppose -t*d = -5*d. Suppose d = -2*s + g + 31, s - 4*g - 39 = -2*s. List the prime factors of s.
17
Let z(l) = l**3 + l - 1. Let y(o) = 2*o**3 - 9*o**2 + 2*o - 12. Let r(m) = -y(m) + 3*z(m). What are the prime factors of r(-7)?
2, 5
Let f(x) = -x**3 - 13*x**2 + 19*x + 6. Let r be f(-14). List the prime factors of ((-6)/(-2)*5)/((-48)/r).
2, 5
Let h(d) = -d**3 + 8*d**2 - 10*d + 19. Let u be h(7). What are the prime factors of 192*(5/u)/(-5)?
2, 3
Suppose -6*w = -w. Suppose 3*m = -0*m + 15, 5*m = 2*g - 61. Suppose -2*l + 5*c + 47 = -w*c, -c = -2*l + g. What are the prime factors of l?
3, 7
Let s = -37 + 38. What are the prime factors of (-2 - 130/(-2)) + (s - 3)?
61
Let j = 286 + 1168. List the prime factors of j.
2, 727
Suppose -4*z = -9*z - 25, 0 = 4*r - z - 25. Let l(y) = -2 - 2*y - r + 24*y**2 + 6. What are the prime factors of l(-1)?
5
Suppose -200 - 345 = -f - 3*k, k = f - 565. What are the prime factors of f?
2, 5, 7
Suppose 3*k = 5*r - 224, -3*r + 2*k + 226 = 2*r. Suppose -r = 3*m - 2*m. Let a = -26 - m. What are the prime factors of a?
2, 5
Let n(z) = 125*z**2 - 5*z - 6. Let u be n(-2). Suppose 2*j - 6*j + 2*v + u = 0, 0 = -2*j + 3*v + 248. List the prime factors of j.
127
Let w(q) = 68*q - 44. What are the prime factors of w(29)?
2, 241
Suppose 5*b + 15 = 0, 0*u - 2*u = -5*b - 19. Suppose 0*w - w + 192 = u*p, -207 = -w + 3*p. What are the prime factors of w?
2, 3, 11
Suppose 4*u + 24822 = 18*u. What are the prime factors of u?
3, 197
Suppose -7*v - 6 = -27. Let c(z) = -3*z**3 - 2*z**2 - 4*z - 8. Let u(a) = -a**3 - a - 1. Let n(m) = c(m) - 4*u(m). List the prime factors of n(v).
5
What are the prime factors of 208 + (23/6 - (-35)/(-42))?
211
Let a(w) = -33*w - 15. Let x(t) = -t. Let j(n) = 2*a(n) - 42*x(n). List the prime factors of j(-7).
2, 3, 23
Suppose -2*s - 5 = -17. Let d be s - (-4)/(-4 + 2). Let n(v) = v**3 - 3*v**2 - 2*v - 2. List the prime factors of n(d).
2, 3
Suppose 12*r = 252 + 132. Let j = 60 - 9. Let k = j - r. List the prime factors of k.
19
Let h be ((-2)/6)/((-2)/150). Let s be 2/5 - (-65)/h. Let f = 20 + s. List the prime factors of f.
23
Suppose -279 = -u - 85. Let b = u - 128. What are the prime factors of b?
2, 3, 11
Let v(p) = 230*p**3 - 10*p + 4. What are the prime factors of v(2)?
2, 3, 19
Let w(l) be the first derivative of 20*l**2 - 10*l - 21. List the prime factors of w(3).
2, 5, 11
Suppose -25 = -5*m + 3*s, 5*m = 5*s + 28 + 7. Suppose -m*c + 5*c - 9 = 0. Suppose c*o = o + 38. List the prime factors of o.
19
Let z(s) = -s**2 - 20*s + 3. Let u be z(-20). Suppose -2 = t, -u*v + 0*v = 2*t - 302. What are the prime factors of v?
2, 3, 17
List the prime fact